is divided by 114?
113
What is the remainder when 102713 is divided by 3541?
24
What is the remainder when 6486 is divided by 360?
6
What is the remainder when 1747 is divided by 287?
25
What is the remainder when 36284 is divided by 117?
14
Calculate the remainder when 10228338 is divided by 659.
658
What is the remainder when 758604 is divided by 32?
12
What is the remainder when 6751 is divided by 2188?
187
Calculate the remainder when 12303 is divided by 1260.
963
Calculate the remainder when 8797 is divided by 352.
349
Calculate the remainder when 214959 is divided by 53733.
27
What is the remainder when 1164533 is divided by 11?
7
What is the remainder when 998986 is divided by 83?
81
What is the remainder when 16523 is divided by 2751?
17
Calculate the remainder when 73701 is divided by 126.
117
What is the remainder when 5741 is divided by 16?
13
What is the remainder when 67229 is divided by 3538?
7
What is the remainder when 6165 is divided by 95?
85
What is the remainder when 203 is divided by 90?
23
What is the remainder when 6302977 is divided by 178?
175
Calculate the remainder when 4607159 is divided by 11.
7
What is the remainder when 27266 is divided by 718?
700
Calculate the remainder when 5893 is divided by 50.
43
Calculate the remainder when 1162012 is divided by 387334.
10
What is the remainder when 177491 is divided by 171?
164
What is the remainder when 56407 is divided by 466?
21
What is the remainder when 1605 is divided by 798?
9
Calculate the remainder when 809571 is divided by 15.
6
Calculate the remainder when 15058 is divided by 161.
85
Calculate the remainder when 45917 is divided by 21.
11
Calculate the remainder when 13980 is divided by 3495.
0
What is the remainder when 33721 is divided by 527?
520
Calculate the remainder when 3487 is divided by 19.
10
What is the remainder when 444037 is divided by 54?
49
Calculate the remainder when 3616 is divided by 20.
16
Calculate the remainder when 30747 is divided by 15.
12
What is the remainder when 21358 is divided by 925?
83
What is the remainder when 288 is divided by 49?
43
What is the remainder when 19764 is divided by 412?
400
What is the remainder when 317 is divided by 185?
132
What is the remainder when 9478 is divided by 725?
53
What is the remainder when 7629 is divided by 104?
37
Calculate the remainder when 108067 is divided by 218.
157
What is the remainder when 7983 is divided by 7903?
80
Calculate the remainder when 54482 is divided by 11.
10
Calculate the remainder when 10736 is divided by 275.
11
What is the remainder when 26088 is divided by 141?
3
What is the remainder when 3504 is divided by 174?
24
Calculate the remainder when 92553 is divided by 174.
159
What is the remainder when 1599 is divided by 178?
175
Calculate the remainder when 905 is divided by 128.
9
Calculate the remainder when 3327 is divided by 1663.
1
What is the remainder when 17825 is divided by 262?
9
Calculate the remainder when 22719 is divided by 3784.
15
What is the remainder when 6382 is divided by 2007?
361
What is the remainder when 39983 is divided by 5709?
20
What is the remainder when 39570 is divided by 2327?
11
Calculate the remainder when 1058 is divided by 33.
2
What is the remainder when 4826 is divided by 118?
106
What is the remainder when 92599 is divided by 100?
99
Calculate the remainder when 14991 is divided by 29.
27
Calculate the remainder when 3708 is divided by 231.
12
Calculate the remainder when 5997 is divided by 48.
45
What is the remainder when 3525 is divided by 138?
75
Calculate the remainder when 142105 is divided by 35526.
1
What is the remainder when 62260 is divided by 326?
320
Calculate the remainder when 145479 is divided by 145476.
3
What is the remainder when 19647 is divided by 150?
147
Calculate the remainder when 96855 is divided by 19368.
15
Calculate the remainder when 920654 is divided by 1963.
7
What is the remainder when 3835 is divided by 14?
13
What is the remainder when 9203 is divided by 538?
57
What is the remainder when 272418 is divided by 905?
13
Calculate the remainder when 76689 is divided by 947.
929
Calculate the remainder when 36047 is divided by 49.
32
Calculate the remainder when 188232 is divided by 15.
12
Calculate the remainder when 1357898 is divided by 91.
87
What is the remainder when 13668 is divided by 3316?
404
What is the remainder when 2343 is divided by 394?
373
What is the remainder when 288875 is divided by 39?
2
What is the remainder when 3450 is divided by 2686?
764
What is the remainder when 33847 is divided by 720?
7
Calculate the remainder when 12198 is divided by 1666.
536
What is the remainder when 18143 is divided by 692?
151
Calculate the remainder when 2733 is divided by 1333.
67
What is the remainder when 450 is divided by 82?
40
Calculate the remainder when 40274 is divided by 523.
3
What is the remainder when 1139 is divided by 547?
45
What is the remainder when 527626 is divided by 6?
4
What is the remainder when 29426 is divided by 1548?
14
What is the remainder when 41884 is divided by 86?
2
What is the remainder when 236823 is divided by 28?
27
What is the remainder when 24428 is divided by 48?
44
What is the remainder when 55658 is divided by 167?
47
What is the remainder when 147924 is divided by 61?
60
What is the remainder when 3631 is divided by 1808?
15
What is the remainder when 255471 is divided by 81?
78
What is the remainder when 105702 is divided by 47?
46
What is the remainder when 2402 is divided by 43?
37
Calculate the remainder when 77711 is divided by 38750.
211
Calculate the remainder when 25461 is divided by 50.
11
Calculate the remainder when 284 is divided by 194.
90
Calculate the remainder when 53117 is divided by 179.
133
What is the remainder when 13975 is divided by 241?
238
Calculate the remainder when 14100 is divided by 54.
6
What is the remainder when 18958 is divided by 240?
238
Calculate the remainder when 12381 is divided by 1242.
1203
Calculate the remainder when 1613 is divided by 149.
123
Calculate the remainder when 19642 is divided by 185.
32
What is the remainder when 41847 is divided by 20913?
21
Calculate the remainder when 16108 is divided by 53.
49
What is the remainder when 6309 is divided by 42?
9
What is the remainder when 97682 is divided by 109?
18
Calculate the remainder when 242478 is divided by 17.
7
What is the remainder when 11345 is divided by 11325?
20
What is the remainder when 2901 is divided by 711?
57
Calculate the remainder when 23351 is divided by 23151.
200
Calculate the remainder when 674916 is divided by 19283.
11
What is the remainder when 2782 is divided by 2599?
183
What is the remainder when 131580 is divided by 102?
0
Calculate the remainder when 46684 is divided by 15529.
97
What is the remainder when 137292 is divided by 17161?
4
What is the remainder when 693 is divided by 131?
38
Calculate the remainder when 15494 is divided by 15332.
162
Calculate the remainder when 36126 is divided by 188.
30
What is the remainder when 286178 is divided by 119?
102
What is the remainder when 9336 is divided by 41?
29
What is the remainder when 7469593 is divided by 22?
21
Calculate the remainder when 2119 is divided by 486.
175
What is the remainder when 15106 is divided by 7540?
26
Calculate the remainder when 2530 is divided by 312.
34
Calculate the remainder when 416745 is divided by 134.
5
Calculate the remainder when 3813957 is divided by 296.
293
What is the remainder when 8371 is divided by 19?
11
What is the remainder when 253733 is divided by 793?
766
Calculate the remainder when 329110 is divided by 24.
22
What is the remainder when 8204 is divided by 1367?
2
Calculate the remainder when 193507 is divided by 5092.
11
What is the remainder when 6434 is divided by 153?
8
What is the remainder when 343108 is divided by 56?
52
Calculate the remainder when 615 is divided by 16.
7
What is the remainder when 15945 is divided by 67?
66
Calculate the remainder when 3022 is divided by 1005.
7
Calculate the remainder when 12930 is divided by 12812.
118
Calculate the remainder when 263817 is divided by 13.
8
Calculate the remainder when 673 is divided by 84.
1
What is the remainder when 484 is divided by 469?
15
Calculate the r